s digit of 12798?
1
What is the tens digit of 4084?
8
What is the tens digit of 30774?
7
What is the hundreds digit of 60694?
6
What is the hundreds digit of 20812?
8
What is the tens digit of 340?
4
What is the units digit of 7915?
5
What is the units digit of 928?
8
What is the hundreds digit of 10781?
7
What is the ten thousands digit of 24307?
2
What is the tens digit of 46333?
3
What is the units digit of 27171?
1
What is the units digit of 530?
0
What is the units digit of 1305?
5
What is the tens digit of 2706?
0
What is the hundreds digit of 11628?
6
What is the units digit of 59642?
2
What is the thousands digit of 53817?
3
What is the thousands digit of 53269?
3
What is the ten thousands digit of 29221?
2
What is the hundreds digit of 2269?
2
What is the tens digit of 149?
4
What is the ten thousands digit of 42867?
4
What is the ten thousands digit of 21317?
2
What is the units digit of 158?
8
What is the units digit of 3899?
9
What is the tens digit of 7987?
8
What is the ten thousands digit of 34787?
3
What is the hundreds digit of 105249?
2
What is the hundreds digit of 11066?
0
What is the hundreds digit of 2161?
1
What is the hundreds digit of 5942?
9
What is the thousands digit of 2199?
2
What is the hundreds digit of 22840?
8
What is the thousands digit of 9111?
9
What is the units digit of 1012?
2
What is the tens digit of 2601?
0
What is the thousands digit of 1688?
1
What is the units digit of 18728?
8
What is the tens digit of 1496?
9
What is the units digit of 799?
9
What is the hundreds digit of 387?
3
What is the thousands digit of 10195?
0
What is the units digit of 33272?
2
What is the units digit of 879?
9
What is the tens digit of 4432?
3
What is the tens digit of 3815?
1
What is the units digit of 235?
5
What is the tens digit of 8420?
2
What is the hundreds digit of 1363?
3
What is the ten thousands digit of 130181?
3
What is the tens digit of 2216?
1
What is the tens digit of 28823?
2
What is the tens digit of 32045?
4
What is the tens digit of 4111?
1
What is the thousands digit of 42216?
2
What is the units digit of 23065?
5
What is the tens digit of 3101?
0
What is the tens digit of 30750?
5
What is the tens digit of 14042?
4
What is the units digit of 9?
9
What is the units digit of 512?
2
What is the hundreds digit of 9468?
4
What is the tens digit of 1827?
2
What is the units digit of 1037?
7
What is the tens digit of 1979?
7
What is the ten thousands digit of 10340?
1
What is the thousands digit of 1345?
1
What is the hundreds digit of 10720?
7
What is the tens digit of 4716?
1
What is the tens digit of 74215?
1
What is the units digit of 2325?
5
What is the thousands digit of 3422?
3
What is the thousands digit of 16177?
6
What is the thousands digit of 2498?
2
What is the hundreds digit of 294?
2
What is the tens digit of 1639?
3
What is the units digit of 7886?
6
What is the tens digit of 57711?
1
What is the tens digit of 488?
8
What is the units digit of 1793?
3
What is the ten thousands digit of 14787?
1
What is the thousands digit of 16532?
6
What is the tens digit of 26884?
8
What is the ten thousands digit of 34654?
3
What is the thousands digit of 1697?
1
What is the thousands digit of 7803?
7
What is the units digit of 21?
1
What is the thousands digit of 7814?
7
What is the tens digit of 466?
6
What is the hundreds digit of 24115?
1
What is the units digit of 4837?
7
What is the hundreds digit of 14277?
2
What is the ten thousands digit of 33592?
3
What is the thousands digit of 57923?
7
What is the units digit of 3804?
4
What is the tens digit of 21713?
1
What is the units digit of 9289?
9
What is the tens digit of 5137?
3
What is the hundreds digit of 1281?
2
What is the units digit of 1539?
9
What is the hundreds digit of 34860?
8
What is the hundreds digit of 102?
1
What is the units digit of 1629?
9
What is the thousands digit of 4698?
4
What is the units digit of 48259?
9
What is the hundreds digit of 995?
9
What is the units digit of 3781?
1
What is the ten thousands digit of 18092?
1
What is the hundreds digit of 32339?
3
What is the units digit of 15481?
1
What is the tens digit of 924?
2
What is the tens digit of 487?
8
What is the hundreds digit of 1563?
5
What is the units digit of 106?
6
What is the tens digit of 79733?
3
What is the hundreds digit of 17859?
8
What is the hundreds digit of 864?
8
What is the thousands digit of 1180?
1
What is the units digit of 64120?
0
What is the tens digit of 37660?
6
What is the hundreds digit of 350?
3
What is the thousands digit of 26158?
6
What is the tens digit of 7069?
6
What is the hundreds digit of 1489?
4
What is the tens digit of 17594?
9
What is the tens digit of 7266?
6
What is the hundreds digit of 1256?
2
What is the hundreds digit of 1784?
7
What is the ten thousands digit of 33875?
3
What is the units digit of 5285?
5
What is the hundreds digit of 956?
9
What is the tens digit of 3068?
6
What is the units digit of 35690?
0
What is the hundreds digit of 9650?
6
What is the tens digit of 4948?
4
What is the thousands digit of 35393?
5
What is the thousands digit of 45938?
5
What is the ten thousands digit of 18736?
1
What is the thousands digit of 3480?
3
What is the ten thousands digit of 52231?
5
What is the units digit of 179?
9
What is the hundreds digit of 422?
4
What is the ten thousands digit of 17890?
1
What is the units digit of 2418?
8
What is the tens digit of 11881?
8
What is the ten thousands digit of 34513?
3
What is the units digit of 1008?
8
What is the thousands digit of 4696?
4
What is the thousands digit of 3141?
3
What is the units digit of 596?
6
What is the tens digit of 1281?
8
What is the hundreds digit of 14746?
7
What is the ten thousands digit of 85762?
8
What is the units digit of 658?
8
What is the tens digit of 60814?
1
What is the units digit of 586?
6
What is the thousands digit of 3658?
3
What is the thousands digit of 6157?
6
What is the thousands digit of 4193?
4
What is the hundreds digit of 49436?
4
What is the hundreds digit of 2897?
8
What is the hundred thousands digit of 119854?
1
What is the ten thousands digit of 44752?
4
What is the tens digit of 88412?
1
What is the units digit of 4085?
5
What is the units digit of 626?
6
What is the tens digit of 242?
4
What is the hundreds digit of 55460?
4
What is the thousands digit of 16926?
6
What is the tens digit of 79685?
8
What is the hundreds digit of 40877?
8
What is the ten thousands digit of 12726?
1
What is the hundreds digit of 1783?
7
What is the hundreds digit of 16156?
1
What is the tens digit of 252?
5
What is the hundreds digit of 919?
9
What is the units digit of 2?
2
What is the units digit of 4634?
4
What is the tens digit of 7642?
4
What is the units digit of 727?
7
What is the tens digit of 66599?
9
What is the thousands digit of 30994?
0
What is the units digit of 71883?
3
What is the thousands digit of 3968?
3
What is the tens digit of 38872?
7
What is the tens digit of 3803?
0
What is the hundreds digit of 5006?
0
What is the units digit of 84765?
5
What is the hundreds digit of 1845?
8
What is the tens digit of 44839?
3
What is the hundreds digit of 50809?
8
What is the units digit of 8284?
4
What is the hundreds digit of 21044?
0
What is the hundreds digit of 649?
6
What is the hundreds digit of 358?
3
What is the ten thousands digit of 188818?
8
What is the tens digit of 80359?
5
What is the hundreds digit of 351?
3
What is the hundreds digit of 882?
8
What is the units digit of 95556?
6
What is the ten thousands digit of 12352?
1
What is the hundreds digit of 3926?
9
What is the ten thousands digit of 19038?
1
What is the units digit of 459?
9
What is the tens digit of 19723?
2
What is the hundreds digit of 626?
6
What is the tens digit of 3416?
1
What is the units digit of 27206?
6
What is the thousands digit of 3433?
3
What is the tens digit of 1643?
4
What is the hundreds digit of 1348?
3
What is the hundred thousands digit of 137483?
1
What is the units digit of 36374?
4
What is the hundreds digit of 744?
7
What is the thousands digit of 21763?
1
What is the thousands digit of 16326?
6
What is the tens digit of 30631?
3
What is the tens digit of 5034?
3
What is the units digit of 46112?
2
What is the tens digit 